2 is divided by 25221?
10286
What is the remainder when 221772 is divided by 2640?
12
Calculate the remainder when 646832657 is divided by 739.
737
Calculate the remainder when 2426420 is divided by 28.
24
Calculate the remainder when 1202724 is divided by 40090.
24
Calculate the remainder when 322157459 is divided by 12.
11
Calculate the remainder when 413670 is divided by 143.
114
What is the remainder when 18443000 is divided by 196202?
12
Calculate the remainder when 63665248 is divided by 3314.
3308
Calculate the remainder when 17862265 is divided by 7002.
163
What is the remainder when 32906270 is divided by 6168?
6158
Calculate the remainder when 766773 is divided by 13220.
13
Calculate the remainder when 264102 is divided by 396.
366
Calculate the remainder when 3570300 is divided by 43540.
20
Calculate the remainder when 751520 is divided by 387.
353
Calculate the remainder when 5719719 is divided by 476641.
27
Calculate the remainder when 475750 is divided by 95145.
25
Calculate the remainder when 7102908 is divided by 655.
88
Calculate the remainder when 12832907 is divided by 9.
5
Calculate the remainder when 1265593 is divided by 211.
15
Calculate the remainder when 5061047 is divided by 14019.
188
What is the remainder when 125983058 is divided by 5155?
13
What is the remainder when 416458 is divided by 319?
163
Calculate the remainder when 2332742 is divided by 640.
582
What is the remainder when 6772605 is divided by 1766?
1761
Calculate the remainder when 367864 is divided by 367859.
5
Calculate the remainder when 9203998 is divided by 885.
883
Calculate the remainder when 151323 is divided by 150456.
867
What is the remainder when 60738163 is divided by 4338438?
31
Calculate the remainder when 1591944 is divided by 72349.
266
Calculate the remainder when 4622941 is divided by 130.
11
What is the remainder when 1233132700 is divided by 4996?
4992
What is the remainder when 5187979 is divided by 167?
124
What is the remainder when 5776664 is divided by 87?
38
Calculate the remainder when 6373077 is divided by 28.
25
What is the remainder when 10980688 is divided by 4009?
37
What is the remainder when 896622 is divided by 163?
122
What is the remainder when 23133057 is divided by 3?
0
What is the remainder when 429650 is divided by 1365?
1040
What is the remainder when 1016552 is divided by 902?
900
Calculate the remainder when 107853 is divided by 2929.
2409
Calculate the remainder when 17833808 is divided by 4458446.
24
What is the remainder when 362399 is divided by 36236?
39
What is the remainder when 5192844 is divided by 232?
220
Calculate the remainder when 81518 is divided by 42.
38
What is the remainder when 234364 is divided by 22?
20
What is the remainder when 6060764 is divided by 406?
402
What is the remainder when 905608 is divided by 2648?
2640
Calculate the remainder when 8601338 is divided by 2867106.
20
What is the remainder when 7810167 is divided by 6045?
27
What is the remainder when 30788023 is divided by 26?
19
What is the remainder when 410520 is divided by 37305?
165
Calculate the remainder when 13863433 is divided by 478.
477
Calculate the remainder when 44908 is divided by 10078.
4596
What is the remainder when 784304 is divided by 3429?
2492
What is the remainder when 5956395 is divided by 2978186?
23
What is the remainder when 957925 is divided by 5913?
19
What is the remainder when 4810866 is divided by 4?
2
What is the remainder when 30216655 is divided by 2123?
2119
What is the remainder when 1937744 is divided by 77?
39
What is the remainder when 2608948 is divided by 34?
26
Calculate the remainder when 35069262 is divided by 11689740.
42
What is the remainder when 781290 is divided by 1810?
1180
What is the remainder when 21000 is divided by 2990?
70
Calculate the remainder when 1277654 is divided by 76.
18
What is the remainder when 427760 is divided by 172?
168
What is the remainder when 8496594 is divided by 1213786?
92
Calculate the remainder when 14580 is divided by 2842.
370
Calculate the remainder when 2365831 is divided by 1182912.
7
Calculate the remainder when 295101 is divided by 19649.
366
What is the remainder when 2137563 is divided by 712509?
36
What is the remainder when 138947339 is divided by 34736832?
11
What is the remainder when 21266528 is divided by 233698?
10
What is the remainder when 7819044 is divided by 1795?
24
What is the remainder when 38130 is divided by 1281?
981
What is the remainder when 5680344 is divided by 1763?
1721
What is the remainder when 1114750 is divided by 32?
30
Calculate the remainder when 186250836 is divided by 167.
78
What is the remainder when 15755 is divided by 759?
575
Calculate the remainder when 29720 is divided by 29586.
134
What is the remainder when 1268546 is divided by 422842?
20
What is the remainder when 16846220 is divided by 55?
50
Calculate the remainder when 33909 is divided by 3318.
729
Calculate the remainder when 5605291 is divided by 54420.
31
What is the remainder when 356812 is divided by 118255?
2047
Calculate the remainder when 134532 is divided by 133706.
826
Calculate the remainder when 231158770 is divided by 22.
18
Calculate the remainder when 4612122 is divided by 1153026.
18
What is the remainder when 25458730 is divided by 151?
130
Calculate the remainder when 2776196 is divided by 70.
66
Calculate the remainder when 3691355 is divided by 2252.
327
What is the remainder when 36630874 is divided by 18315425?
24
Calculate the remainder when 5503788 is divided by 1375944.
12
What is the remainder when 613013 is divided by 2502?
23
What is the remainder when 5546668 is divided by 1151?
1150
What is the remainder when 6033617 is divided by 201?
200
Calculate the remainder when 12915294 is divided by 496.
446
Calculate the remainder when 539194 is divided by 38491.
320
What is the remainder when 31758 is divided by 321?
300
What is the remainder when 4478832 is divided by 29466?
0
What is the remainder when 17539584 is divided by 655?
649
What is the remainder when 294527803 is divided by 7995?
7993
Calculate the remainder when 493658 is divided by 3326.
1410
What is the remainder when 3969292 is divided by 9125?
9042
What is the remainder when 4167 is divided by 1685?
797
Calculate the remainder when 1299330 is divided by 22402.
14
What is the remainder when 264933 is divided by 33?
9
What is the remainder when 12385165 is divided by 539?
23
What is the remainder when 210366862 is divided by 769?
760
What is the remainder when 149328 is divided by 2874?
2754
Calculate the remainder when 399903 is divided by 2612.
267
What is the remainder when 932918 is divided by 13326?
98
What is the remainder when 6759965 is divided by 4303?
4255
Calculate the remainder when 7357213 is divided by 57.
52
Calculate the remainder when 537323 is divided by 670.
653
Calculate the remainder when 1858882 is divided by 132773.
60
Calculate the remainder when 1204500 is divided by 5243.
3853
What is the remainder when 109775153 is divided by 990?
983
Calculate the remainder when 5675019 is divided by 567498.
39
Calculate the remainder when 6015045 is divided by 52.
49
Calculate the remainder when 10074613 is divided by 10074587.
26
Calculate the remainder when 62961853 is divided by 80411.
40
What is the remainder when 2187434 is divided by 2187422?
12
What is the remainder when 35217 is divided by 3833?
720
Calculate the remainder when 386708 is divided by 1108.
16
What is the remainder when 125207337 is divided by 3637?
3612
What is the remainder when 15288856 is divided by 3059?
3033
Calculate the remainder when 41517 is divided by 41501.
16
What is the remainder when 5005534 is divided by 93?
88
What is the remainder when 8824712 is divided by 37?
27
Calculate the remainder when 100047 is divided by 33332.
51
What is the remainder when 649435 is divided by 64911?
325
Calculate the remainder when 749134 is divided by 903.
547
Calculate the remainder when 1034470 is divided by 17235.
370
Calculate the remainder when 8009620 is divided by 400479.
40
Calculate the remainder when 675520 is divided by 450.
70
What is the remainder when 12580 is divided by 1333?
583
Calculate the remainder when 2934188 is divided by 88.
4
Calculate the re